{"id":16,"date":"2019-12-23T15:27:18","date_gmt":"2019-12-23T14:27:18","guid":{"rendered":"http:\/\/achatboerse.com\/?page_id=16"},"modified":"2021-01-11T19:13:54","modified_gmt":"2021-01-11T18:13:54","slug":"startseite","status":"publish","type":"page","link":"http:\/\/achatboerse.com\/?page_id=16","title":{"rendered":"Geschichte"},"content":{"rendered":"\n<p>\nInternationale Achatb\u00f6rse Niederw\u00f6rresbach<\/p>\n\n\n\n<p>Im  Jahr 2001 begann die\nVeranstaltung mit etwa 20 Ausstellern in kleinem Rahmen im\nhistorischen Geb\u00e4ude des alten Schlachthofes in Worms. Als Peter\nJeckel die Veranstaltung ins Leben rief, war nicht zu erwarten, dass\ndiese sich zu so einer erfolgreichen B\u00f6rse entwickeln k\u00f6nnte. \n<\/p>\n\n\n\n<p>Der Umzug 2008 in die\nEdelsteinregion Idar-Oberstein nach Niederw\u00f6rresbach mit dem Angebot\nvon 2 Hallen hat die B\u00f6rse zu einer Veranstaltung wachsen lassen,\ndie jedes Jahr die Freunde sch\u00f6ner Achate anzieht, um Erfahrungen\nauszutauschen, ein paar sch\u00f6ne Steine zu erwerben und sch\u00f6ne\nStunden miteinander zu verbringen. Die Firma Achatwelt mit\nGesch\u00e4ftsf\u00fchrer Bernd Hemmer und das ganze B\u00f6rsenteam wird diese\nTradition weiterf\u00fchren.<\/p>\n\n\n\n<p>Heute bieten \u00fcber  80    Aussteller\nAchate von der ganzen Welt, Versteinerte H\u00f6lzer, Quarzmineralien,\nFachliteratur, Unikatschmuck aus diesen Mineralien und vieles mehr an\n2 Tagen zum Kauf an. \n<\/p>\n\n\n\n<p>Die Sonderschau, Fachvortr\u00e4ge, die\nGelegenheit im Steinbruch Juchem Achate zu sammeln, diese in der\nMesse s\u00e4gen zu lassen und das kulinarische Angebot der Gastronomie\nin der Halle und das Zelt der Metzgerei Juchem, die Ihren ber\u00fchmten\nSpie\u00dfbraten anbietet machen die Achatb\u00f6rse zu einem\nunvergleichlichen Ereignis. \n<\/p>\n\n\n\n<p>Alle Freunde edler Steine sind\nherzlich willkommen uns in Niederw\u00f6rresbach zu besuchen.<\/p>\n\n\n\n<p>Nutzen Sie den Besuch der Achatb\u00f6rse\nauch f\u00fcr einen Kurzurlaub an der Deutschen Edelsteinstrasse und der\nRegion um Idar-Oberstein.<\/p>\n","protected":false},"excerpt":{"rendered":"<p>Internationale Achatb\u00f6rse Niederw\u00f6rresbach Im Jahr 2001 begann die Veranstaltung mit etwa 20 Ausstellern in kleinem Rahmen im historischen Geb\u00e4ude des alten Schlachthofes in Worms. Als Peter Jeckel die Veranstaltung ins Leben rief, war nicht zu erwarten, dass diese sich zu so einer erfolgreichen B\u00f6rse entwickeln k\u00f6nnte. Der Umzug 2008 in die Edelsteinregion Idar-Oberstein nach Niederw\u00f6rresbach &hellip; <\/p>\n<p class=\"link-more\"><a href=\"http:\/\/achatboerse.com\/?page_id=16\" class=\"more-link\"><span class=\"screen-reader-text\">\u201eGeschichte\u201c <\/span>weiterlesen<\/a><\/p>\n","protected":false},"author":1,"featured_media":27,"parent":0,"menu_order":0,"comment_status":"open","ping_status":"closed","template":"","meta":{"footnotes":""},"class_list":["post-16","page","type-page","status-publish","has-post-thumbnail","hentry"],"_links":{"self":[{"href":"http:\/\/achatboerse.com\/index.php?rest_route=\/wp\/v2\/pages\/16","targetHints":{"allow":["GET"]}}],"collection":[{"href":"http:\/\/achatboerse.com\/index.php?rest_route=\/wp\/v2\/pages"}],"about":[{"href":"http:\/\/achatboerse.com\/index.php?rest_route=\/wp\/v2\/types\/page"}],"author":[{"embeddable":true,"href":"http:\/\/achatboerse.com\/index.php?rest_route=\/wp\/v2\/users\/1"}],"replies":[{"embeddable":true,"href":"http:\/\/achatboerse.com\/index.php?rest_route=%2Fwp%2Fv2%2Fcomments&post=16"}],"version-history":[{"count":3,"href":"http:\/\/achatboerse.com\/index.php?rest_route=\/wp\/v2\/pages\/16\/revisions"}],"predecessor-version":[{"id":103,"href":"http:\/\/achatboerse.com\/index.php?rest_route=\/wp\/v2\/pages\/16\/revisions\/103"}],"wp:featuredmedia":[{"embeddable":true,"href":"http:\/\/achatboerse.com\/index.php?rest_route=\/wp\/v2\/media\/27"}],"wp:attachment":[{"href":"http:\/\/achatboerse.com\/index.php?rest_route=%2Fwp%2Fv2%2Fmedia&parent=16"}],"curies":[{"name":"wp","href":"https:\/\/api.w.org\/{rel}","templated":true}]}}