{"id":243,"date":"2022-03-17T09:21:37","date_gmt":"2022-03-17T08:21:37","guid":{"rendered":"http:\/\/achatboerse.com\/?page_id=243"},"modified":"2026-02-02T22:16:33","modified_gmt":"2026-02-02T21:16:33","slug":"informationen-fuer-besucher","status":"publish","type":"page","link":"http:\/\/achatboerse.com\/?page_id=243","title":{"rendered":"Informationen f\u00fcr Besucher"},"content":{"rendered":"\n<h2 class=\"wp-block-heading\"><strong>Die 25. Achatb\u00f6rse findet am 14.03.2026 und 15.03.2026 statt.<\/strong><\/h2>\n\n\n\n<p><\/p>\n\n\n\n<p>Bereits zum 25. Mal findet die Internationale Achatb\u00f6rse statt, eine besondere<br>Mineralien- und Fossillienb\u00f6rse mit dem Schwerpunkt Achate, versteinerte<br>H\u00f6lzer, Fossilien, Edelsteine und Quarzmineralien.<br>Die Achatb\u00f6rse findet 2026 am 3. M\u00e4rz Wochenende statt.<br><\/p>\n\n\n\n<p>In Konstellation und Gr\u00f6\u00dfe ist die Achatb\u00f6rse weltweit einmalig und hat bei<br>Sammlern, Ausstellern und Besuchern eine \u00fcberaus positive Resonanz erreicht.<br>Jedes Jahr kommen viele der namhaftesten Sammler und Liebhaber aus aller<br>Welt, um an der Veranstaltung teilzunehmen.<br>Begleitend zur B\u00f6rse gibt es die Sonderschau \u201eBilder im Achat\u201c.<br>Die Mehrzweckhalle und die Gro\u00dfsporthalle in Niederw\u00f6rresbach bei Idar-<br>Oberstein sind der ideal gelegene Veranstaltungsort. Niederw\u00f6rresbach liegt im<br>Fischbachtal direkt an der Deutschen Edelsteinstra\u00dfe. In dieser bekannten Achat-<br>und Edelsteinregion k\u00f6nnen Sammler ihrem Hobby nachgehen und zahlreiche<br>Mineralienfundstellen aufsuchen, au\u00dferdem gibt es eine Reihe von Museen und<br>Besucherbergwerken. Gute und g\u00fcnstige Unterk\u00fcnfte finden Sie unter<br><strong>www.edelsteinland.de<\/strong> oder <strong>www.morbach.de.<\/strong><br><\/p>\n\n\n\n<p>In der Umgebung der Hallen stehen 400 kostenlose Parkpl\u00e4tze zur Verf\u00fcgung.<br>W\u00e4hrend der Veranstaltung bietet die Metzgerei Juchem Spie\u00dfbraten und andere<br>k\u00f6stliche Hunsr\u00fccker Spezialit\u00e4ten an.<br>Wir freuen uns darauf, Sie auf der 25. Internationalen Achatb\u00f6rse begr\u00fc\u00dfen zu d\u00fcrfen.<\/p>\n\n\n\n<p><strong>Sonderschau:<\/strong>. Achatpseudomorphosen<\/p>\n\n\n\n<p><\/p>\n\n\n\n<p><strong>Vortr\u00e4ge:<\/strong> <\/p>\n\n\n\n<p><strong>1) Klaus Sch\u00e4fer<\/strong><\/p>\n\n\n\n<p><strong>Quarz ! Quarz ?<\/strong><\/p>\n\n\n\n<p><strong>Erkenntnisse eines Quarzsammlers<\/strong><\/p>\n\n\n\n<p><strong>2) Johann Zenz<\/strong><\/p>\n\n\n\n<p>&nbsp;<strong>&#8222;30 Jahre auf Achat- und Jaspissuche in Arizona, USA&#8220;<\/strong><\/p>\n\n\n\n<p><\/p>\n\n\n\n<p>Wir w\u00fcrden uns auf einen zahlreichen Besuch eurerseits freuen.<\/p>\n\n\n\n<h2 class=\"wp-block-heading\"><\/h2>\n\n\n\n<div style=\"height:10px\" aria-hidden=\"true\" class=\"wp-block-spacer\"><\/div>\n\n\n\n<figure class=\"wp-block-image size-large\"><img loading=\"lazy\" decoding=\"async\" width=\"724\" height=\"1024\" src=\"https:\/\/achatboerse.com\/wp-content\/uploads\/2026\/02\/Flyer-2026-Vorderseite-Option-2_richtige-Mail_page-0001-2-724x1024.jpg\" alt=\"\" class=\"wp-image-464\" srcset=\"http:\/\/achatboerse.com\/wp-content\/uploads\/2026\/02\/Flyer-2026-Vorderseite-Option-2_richtige-Mail_page-0001-2-724x1024.jpg 724w, http:\/\/achatboerse.com\/wp-content\/uploads\/2026\/02\/Flyer-2026-Vorderseite-Option-2_richtige-Mail_page-0001-2-212x300.jpg 212w, http:\/\/achatboerse.com\/wp-content\/uploads\/2026\/02\/Flyer-2026-Vorderseite-Option-2_richtige-Mail_page-0001-2-768x1086.jpg 768w, http:\/\/achatboerse.com\/wp-content\/uploads\/2026\/02\/Flyer-2026-Vorderseite-Option-2_richtige-Mail_page-0001-2-1086x1536.jpg 1086w, http:\/\/achatboerse.com\/wp-content\/uploads\/2026\/02\/Flyer-2026-Vorderseite-Option-2_richtige-Mail_page-0001-2.jpg 1241w\" sizes=\"auto, (max-width: 724px) 100vw, 724px\" \/><\/figure>\n\n\n\n<div style=\"height:10px\" aria-hidden=\"true\" class=\"wp-block-spacer\"><\/div>\n\n\n\n<div style=\"height:10px\" aria-hidden=\"true\" class=\"wp-block-spacer\"><\/div>\n\n\n\n<h2 class=\"wp-block-heading\">Veranstaltungsort<\/h2>\n\n\n\n<div class=\"wp-block-group\"><div class=\"wp-block-group__inner-container is-layout-flow wp-block-group-is-layout-flow\">\n<ul class=\"wp-block-list\">\n<li>Mehrzweckhalle und Gro\u00dfsporthalle                                                                                                           <\/li>\n\n\n\n<li>M\u00fchlenweg 2, 55758 Niederw\u00f6rresbach bei Idar-Oberstein<\/li>\n<\/ul>\n\n\n\n<div style=\"height:65px\" aria-hidden=\"true\" class=\"wp-block-spacer\"><\/div>\n<\/div><\/div>\n\n\n\n<div class=\"wp-block-columns is-layout-flex wp-container-core-columns-is-layout-9d6595d7 wp-block-columns-is-layout-flex\">\n<div class=\"wp-block-column is-layout-flow wp-block-column-is-layout-flow\" style=\"flex-basis:100%\">\n<h2 class=\"wp-block-heading\">\u00d6ffnungszeiten<\/h2>\n\n\n\n<p>Samstag 14.03.2026, von 10.00 bis 18.00Uhr&nbsp;sowie Sonntag 15.03.2026, von 11.00 bis 17.00Uhr<\/p>\n\n\n\n<div style=\"height:31px\" aria-hidden=\"true\" class=\"wp-block-spacer\"><\/div>\n\n\n\n<h2 class=\"wp-block-heading\"><strong>Eintritt<\/strong><\/h2>\n\n\n\n<p>Erwachsene 5 \u20ac<\/p>\n\n\n\n<p>Jugendliche 14 &#8211; 17 Jahre 2 \u20ac<\/p>\n\n\n\n<p>Familien Erm\u00e4\u00dfigung<\/p>\n\n\n\n<div style=\"height:48px\" aria-hidden=\"true\" class=\"wp-block-spacer\"><\/div>\n\n\n\n<p>In und um Idar-Oberstein\/Niederw\u00f6rresbach herum gibt es viel zu erkunden. <\/p>\n\n\n\n<p>Sollten Sie noch \u00dcbernachtungs-\/Einkehrm\u00f6glichkeiten oder die ein oder andere Sehensw\u00fcrdigkeit suchen, verweisen wir Sie gerne auf unsere Link-Seite hier \u00fcber www.achatb\u00f6rse.com.<\/p>\n\n\n\n<p>Auf Wunsch k\u00f6nnen wir die Brosch\u00fcren der Touristeninfos auch zusenden.<\/p>\n\n\n\n<div style=\"height:69px\" aria-hidden=\"true\" class=\"wp-block-spacer\"><\/div>\n\n\n\n<p>Die Seite wird st\u00e4ndig aktualisiert, deshalb gerne immer mal wieder reinschauen.<\/p>\n<\/div>\n<\/div>\n\n\n\n<p><\/p>\n\n\n\n<div class=\"wp-block-group is-vertical is-layout-flex wp-container-core-group-is-layout-8cf370e7 wp-block-group-is-layout-flex\"><\/div>\n","protected":false},"excerpt":{"rendered":"<p>Die 25. Achatb\u00f6rse findet am 14.03.2026 und 15.03.2026 statt. Bereits zum 25. Mal findet die Internationale Achatb\u00f6rse statt, eine besondereMineralien- und Fossillienb\u00f6rse mit dem Schwerpunkt Achate, versteinerteH\u00f6lzer, Fossilien, Edelsteine und Quarzmineralien.Die Achatb\u00f6rse findet 2026 am 3. M\u00e4rz Wochenende statt. In Konstellation und Gr\u00f6\u00dfe ist die Achatb\u00f6rse weltweit einmalig und hat beiSammlern, Ausstellern und Besuchern eine &hellip; <\/p>\n<p class=\"link-more\"><a href=\"http:\/\/achatboerse.com\/?page_id=243\" class=\"more-link\"><span class=\"screen-reader-text\">\u201eInformationen f\u00fcr Besucher\u201c <\/span>weiterlesen<\/a><\/p>\n","protected":false},"author":1,"featured_media":0,"parent":0,"menu_order":0,"comment_status":"closed","ping_status":"closed","template":"","meta":{"footnotes":""},"class_list":["post-243","page","type-page","status-publish","hentry"],"_links":{"self":[{"href":"http:\/\/achatboerse.com\/index.php?rest_route=\/wp\/v2\/pages\/243","targetHints":{"allow":["GET"]}}],"collection":[{"href":"http:\/\/achatboerse.com\/index.php?rest_route=\/wp\/v2\/pages"}],"about":[{"href":"http:\/\/achatboerse.com\/index.php?rest_route=\/wp\/v2\/types\/page"}],"author":[{"embeddable":true,"href":"http:\/\/achatboerse.com\/index.php?rest_route=\/wp\/v2\/users\/1"}],"replies":[{"embeddable":true,"href":"http:\/\/achatboerse.com\/index.php?rest_route=%2Fwp%2Fv2%2Fcomments&post=243"}],"version-history":[{"count":33,"href":"http:\/\/achatboerse.com\/index.php?rest_route=\/wp\/v2\/pages\/243\/revisions"}],"predecessor-version":[{"id":466,"href":"http:\/\/achatboerse.com\/index.php?rest_route=\/wp\/v2\/pages\/243\/revisions\/466"}],"wp:attachment":[{"href":"http:\/\/achatboerse.com\/index.php?rest_route=%2Fwp%2Fv2%2Fmedia&parent=243"}],"curies":[{"name":"wp","href":"https:\/\/api.w.org\/{rel}","templated":true}]}}

Informationen für Besucher

<h2 class="wp-block-heading"><strong>Die 25. Achatbörse findet am 14.03.2026 und 15.03.2026 statt.</strong></h2>



<p></p>



<p>Bereits zum 25. Mal findet die Internationale Achatbörse statt, eine besondere<br>Mineralien- und Fossillienbörse mit dem Schwerpunkt Achate, versteinerte<br>Hölzer, Fossilien, Edelsteine und Quarzmineralien.<br>Die Achatbörse findet 2026 am 3. März Wochenende statt.<br></p>



<p>In Konstellation und Größe ist die Achatbörse weltweit einmalig und hat bei<br>Sammlern, Ausstellern und Besuchern eine überaus positive Resonanz erreicht.<br>Jedes Jahr kommen viele der namhaftesten Sammler und Liebhaber aus aller<br>Welt, um an der Veranstaltung teilzunehmen.<br>Begleitend zur Börse gibt es die Sonderschau „Bilder im Achat“.<br>Die Mehrzweckhalle und die Großsporthalle in Niederwörresbach bei Idar-<br>Oberstein sind der ideal gelegene Veranstaltungsort. Niederwörresbach liegt im<br>Fischbachtal direkt an der Deutschen Edelsteinstraße. In dieser bekannten Achat-<br>und Edelsteinregion können Sammler ihrem Hobby nachgehen und zahlreiche<br>Mineralienfundstellen aufsuchen, außerdem gibt es eine Reihe von Museen und<br>Besucherbergwerken. Gute und günstige Unterkünfte finden Sie unter<br><strong>www.edelsteinland.de</strong> oder <strong>www.morbach.de.</strong><br></p>



<p>In der Umgebung der Hallen stehen 400 kostenlose Parkplätze zur Verfügung.<br>Während der Veranstaltung bietet die Metzgerei Juchem Spießbraten und andere<br>köstliche Hunsrücker Spezialitäten an.<br>Wir freuen uns darauf, Sie auf der 25. Internationalen Achatbörse begrüßen zu dürfen.</p>



<p><strong>Sonderschau:</strong>. Achatpseudomorphosen</p>



<p></p>



<p><strong>Vorträge:</strong> </p>



<p><strong>1) Klaus Schäfer</strong></p>



<p><strong>Quarz ! Quarz ?</strong></p>



<p><strong>Erkenntnisse eines Quarzsammlers</strong></p>



<p><strong>2) Johann Zenz</strong></p>



<p>&nbsp;<strong>&#8222;30 Jahre auf Achat- und Jaspissuche in Arizona, USA&#8220;</strong></p>



<p></p>



<p>Wir würden uns auf einen zahlreichen Besuch eurerseits freuen.</p>



<h2 class="wp-block-heading"></h2>



<div style="height:10px" aria-hidden="true" class="wp-block-spacer"></div>



<figure class="wp-block-image size-large"><img loading="lazy" decoding="async" width="724" height="1024" src="https://achatboerse.com/wp-content/uploads/2026/02/Flyer-2026-Vorderseite-Option-2_richtige-Mail_page-0001-2-724x1024.jpg" alt="" class="wp-image-464" srcset="http://achatboerse.com/wp-content/uploads/2026/02/Flyer-2026-Vorderseite-Option-2_richtige-Mail_page-0001-2-724x1024.jpg 724w, http://achatboerse.com/wp-content/uploads/2026/02/Flyer-2026-Vorderseite-Option-2_richtige-Mail_page-0001-2-212x300.jpg 212w, http://achatboerse.com/wp-content/uploads/2026/02/Flyer-2026-Vorderseite-Option-2_richtige-Mail_page-0001-2-768x1086.jpg 768w, http://achatboerse.com/wp-content/uploads/2026/02/Flyer-2026-Vorderseite-Option-2_richtige-Mail_page-0001-2-1086x1536.jpg 1086w, http://achatboerse.com/wp-content/uploads/2026/02/Flyer-2026-Vorderseite-Option-2_richtige-Mail_page-0001-2.jpg 1241w" sizes="auto, (max-width: 724px) 100vw, 724px" /></figure>



<div style="height:10px" aria-hidden="true" class="wp-block-spacer"></div>



<div style="height:10px" aria-hidden="true" class="wp-block-spacer"></div>



<h2 class="wp-block-heading">Veranstaltungsort</h2>



<div class="wp-block-group"><div class="wp-block-group__inner-container is-layout-flow wp-block-group-is-layout-flow">
<ul class="wp-block-list">
<li>Mehrzweckhalle und Großsporthalle                                                                                                           </li>



<li>Mühlenweg 2, 55758 Niederwörresbach bei Idar-Oberstein</li>
</ul>



<div style="height:65px" aria-hidden="true" class="wp-block-spacer"></div>
</div></div>



<div class="wp-block-columns is-layout-flex wp-container-core-columns-is-layout-9d6595d7 wp-block-columns-is-layout-flex">
<div class="wp-block-column is-layout-flow wp-block-column-is-layout-flow" style="flex-basis:100%">
<h2 class="wp-block-heading">Öffnungszeiten</h2>



<p>Samstag 14.03.2026, von 10.00 bis 18.00Uhr&nbsp;sowie Sonntag 15.03.2026, von 11.00 bis 17.00Uhr</p>



<div style="height:31px" aria-hidden="true" class="wp-block-spacer"></div>



<h2 class="wp-block-heading"><strong>Eintritt</strong></h2>



<p>Erwachsene 5 €</p>



<p>Jugendliche 14 &#8211; 17 Jahre 2 €</p>



<p>Familien Ermäßigung</p>



<div style="height:48px" aria-hidden="true" class="wp-block-spacer"></div>



<p>In und um Idar-Oberstein/Niederwörresbach herum gibt es viel zu erkunden. </p>



<p>Sollten Sie noch Übernachtungs-/Einkehrmöglichkeiten oder die ein oder andere Sehenswürdigkeit suchen, verweisen wir Sie gerne auf unsere Link-Seite hier über www.achatbörse.com.</p>



<p>Auf Wunsch können wir die Broschüren der Touristeninfos auch zusenden.</p>



<div style="height:69px" aria-hidden="true" class="wp-block-spacer"></div>



<p>Die Seite wird ständig aktualisiert, deshalb gerne immer mal wieder reinschauen.</p>
</div>
</div>



<p></p>



<div class="wp-block-group is-vertical is-layout-flex wp-container-core-group-is-layout-8cf370e7 wp-block-group-is-layout-flex"></div>

<p>Die 25. Achatbörse findet am 14.03.2026 und 15.03.2026 statt. Bereits zum 25. Mal findet die Internationale Achatbörse statt, eine besondereMineralien- und Fossillienbörse mit dem Schwerpunkt Achate, versteinerteHölzer, Fossilien, Edelsteine und Quarzmineralien.Die Achatbörse findet 2026 am 3. März Wochenende statt. In Konstellation und Größe ist die Achatbörse weltweit einmalig und hat beiSammlern, Ausstellern und Besuchern eine &hellip; </p>
<p class="link-more"><a href="http://achatboerse.com/?page_id=243" class="more-link"><span class="screen-reader-text">„Informationen für Besucher“ </span>weiterlesen</a></p>
